git of 156787?
6
What is the hundreds digit of 768808?
8
What is the thousands digit of 255663?
5
What is the thousands digit of 6945779?
5
What is the units digit of 2288501?
1
What is the hundreds digit of 7359438?
4
What is the thousands digit of 2006971?
6
What is the tens digit of 154923?
2
What is the ten thousands digit of 4646393?
4
What is the hundreds digit of 5197151?
1
What is the tens digit of 1362935?
3
What is the hundred thousands digit of 658897?
6
What is the units digit of 4899322?
2
What is the hundreds digit of 17212?
2
What is the thousands digit of 15554004?
4
What is the hundred thousands digit of 1738877?
7
What is the tens digit of 1263832?
3
What is the hundred thousands digit of 6138709?
1
What is the thousands digit of 148393?
8
What is the units digit of 308406?
6
What is the tens digit of 3741900?
0
What is the thousands digit of 35731990?
1
What is the ten thousands digit of 502166?
0
What is the thousands digit of 3616909?
6
What is the hundreds digit of 635459?
4
What is the tens digit of 362984?
8
What is the tens digit of 53685?
8
What is the hundreds digit of 2548524?
5
What is the units digit of 2414432?
2
What is the thousands digit of 7941287?
1
What is the thousands digit of 5964778?
4
What is the ten thousands digit of 1537594?
3
What is the hundreds digit of 15317399?
3
What is the units digit of 358003?
3
What is the hundreds digit of 32735651?
6
What is the tens digit of 2025212?
1
What is the ten thousands digit of 831247?
3
What is the hundreds digit of 3873890?
8
What is the thousands digit of 5049141?
9
What is the units digit of 6280184?
4
What is the thousands digit of 10745077?
5
What is the ten thousands digit of 343605?
4
What is the tens digit of 2443309?
0
What is the units digit of 1239610?
0
What is the ten thousands digit of 1106328?
0
What is the hundreds digit of 600987?
9
What is the units digit of 114888?
8
What is the millions digit of 30109352?
0
What is the thousands digit of 13152148?
2
What is the hundred thousands digit of 18946324?
9
What is the hundreds digit of 11587802?
8
What is the hundred thousands digit of 209360?
2
What is the millions digit of 17418908?
7
What is the hundred thousands digit of 237489?
2
What is the hundred thousands digit of 1753414?
7
What is the units digit of 2870792?
2
What is the hundred thousands digit of 349079?
3
What is the hundred thousands digit of 302393?
3
What is the hundred thousands digit of 470962?
4
What is the ten thousands digit of 3265685?
6
What is the ten thousands digit of 228603?
2
What is the ten thousands digit of 22566?
2
What is the ten thousands digit of 92776?
9
What is the hundred thousands digit of 1261673?
2
What is the thousands digit of 176125?
6
What is the hundred thousands digit of 2496638?
4
What is the tens digit of 5327125?
2
What is the tens digit of 18040738?
3
What is the thousands digit of 891288?
1
What is the ten thousands digit of 179724?
7
What is the ten thousands digit of 81916?
8
What is the units digit of 4876036?
6
What is the hundred thousands digit of 1665992?
6
What is the millions digit of 5014464?
5
What is the units digit of 438327?
7
What is the units digit of 100433?
3
What is the thousands digit of 4868105?
8
What is the hundreds digit of 491792?
7
What is the thousands digit of 2355493?
5
What is the tens digit of 7791434?
3
What is the tens digit of 6734988?
8
What is the hundreds digit of 443143?
1
What is the units digit of 1284373?
3
What is the hundred thousands digit of 117833?
1
What is the ten thousands digit of 1275300?
7
What is the hundreds digit of 614976?
9
What is the thousands digit of 24142515?
2
What is the hundreds digit of 14107536?
5
What is the units digit of 51558?
8
What is the ten thousands digit of 1770716?
7
What is the thousands digit of 7585627?
5
What is the thousands digit of 568114?
8
What is the units digit of 1933675?
5
What is the millions digit of 31423893?
1
What is the thousands digit of 689208?
9
What is the units digit of 594097?
7
What is the hundred thousands digit of 11916170?
9
What is the tens digit of 145352?
5
What is the units digit of 49899?
9
What is the hundreds digit of 1020978?
9
What is the units digit of 8721387?
7
What is the units digit of 69136?
6
What is the tens digit of 521900?
0
What is the hundred thousands digit of 117527?
1
What is the ten thousands digit of 1706919?
0
What is the thousands digit of 69115?
9
What is the ten thousands digit of 532997?
3
What is the units digit of 192249?
9
What is the tens digit of 72752?
5
What is the thousands digit of 900068?
0
What is the tens digit of 507347?
4
What is the hundreds digit of 12400325?
3
What is the units digit of 213239?
9
What is the units digit of 35335?
5
What is the hundreds digit of 9868754?
7
What is the hundreds digit of 904194?
1
What is the units digit of 163461?
1
What is the hundreds digit of 269000?
0
What is the hundred thousands digit of 121387?
1
What is the ten thousands digit of 28023896?
2
What is the hundreds digit of 1592762?
7
What is the tens digit of 2209892?
9
What is the thousands digit of 12252107?
2
What is the thousands digit of 713283?
3
What is the millions digit of 1016617?
1
What is the tens digit of 1173163?
6
What is the tens digit of 52221?
2
What is the ten thousands digit of 83641?
8
What is the thousands digit of 127722?
7
What is the units digit of 289096?
6
What is the millions digit of 16553311?
6
What is the millions digit of 6616293?
6
What is the ten thousands digit of 356298?
5
What is the ten thousands digit of 141353?
4
What is the tens digit of 2975854?
5
What is the units digit of 13931?
1
What is the millions digit of 1014880?
1
What is the units digit of 6395102?
2
What is the tens digit of 19587462?
6
What is the hundreds digit of 732332?
3
What is the ten thousands digit of 1583978?
8
What is the ten millions digit of 10384628?
1
What is the tens digit of 31445923?
2
What is the ten thousands digit of 11490091?
9
What is the ten thousands digit of 24675?
2
What is the hundred thousands digit of 15104697?
1
What is the ten thousands digit of 134482?
3
What is the units digit of 14538643?
3
What is the hundred thousands digit of 391865?
3
What is the thousands digit of 18370?
8
What is the thousands digit of 442579?
2
What is the hundred thousands digit of 1695388?
6
What is the units digit of 278285?
5
What is the hundred thousands digit of 6685597?
6
What is the tens digit of 38894133?
3
What is the thousands digit of 407493?
7
What is the hundreds digit of 1529126?
1
What is the units digit of 3041148?
8
What is the hundreds digit of 5459711?
7
What is the hundred thousands digit of 1761334?
7
What is the ten thousands digit of 752682?
5
What is the thousands digit of 2154697?
4
What is the ten thousands digit of 34082413?
8
What is the hundreds digit of 181071?
0
What is the hundred thousands digit of 2115043?
1
What is the thousands digit of 429182?
9
What is the thousands digit of 136609?
6
What is the hundreds digit of 22745454?
4
What is the hundred thousands digit of 3855838?
8
What is the hundred thousands digit of 325325?
3
What is the tens digit of 7100809?
0
What is the units digit of 516514?
4
What is the thousands digit of 2536711?
6
What is the thousands digit of 5872394?
2
What is the tens digit of 705995?
9
What is the hundred thousands digit of 324924?
3
What is the units digit of 184276?
6
What is the tens digit of 25384667?
6
What is the hundreds digit of 3749447?
4
What is the thousands digit of 20016631?
6
What is the units digit of 912155?
5
What is the tens digit of 1722463?
6
What is the thousands digit of 9635?
9
What is the thousands digit of 131727?
1
What is the units digit of 912223?
3
What is the hundred thousands digit of 13030532?
0
What is the hundred thousands digit of 398968?
3
What is the ten thousands digit of 10792?
1
What is the tens digit of 146029?
2
What is the tens digit of 93545?
4
What is the thousands digit of 8644275?
4
What is the ten thousands digit of 1374038?
7
What is the hundred thousands digit of 20066432?
0
What is the thousands digit of 3642436?
2
What is the hundred thousands digit of 1492566?
4
What is the hundred thousands digit of 517135?
5
What is the t